{"id":1429,"date":"2024-04-02T11:13:30","date_gmt":"2024-04-02T09:13:30","guid":{"rendered":"https:\/\/www.fabretfils.fr\/?page_id=1429"},"modified":"2024-04-02T11:20:23","modified_gmt":"2024-04-02T09:20:23","slug":"mentions-legales","status":"publish","type":"page","link":"https:\/\/www.fabretfils.fr\/index.php\/mentions-legales\/","title":{"rendered":"Mentions L\u00e9gales"},"content":{"rendered":"<style>.kadence-column1429_06506e-7e > .kt-inside-inner-col,.kadence-column1429_06506e-7e > .kt-inside-inner-col:before{border-top-left-radius:0px;border-top-right-radius:0px;border-bottom-right-radius:0px;border-bottom-left-radius:0px;}.kadence-column1429_06506e-7e > .kt-inside-inner-col{column-gap:var(--global-kb-gap-sm, 1rem);}.kadence-column1429_06506e-7e > .kt-inside-inner-col{flex-direction:column;}.kadence-column1429_06506e-7e > .kt-inside-inner-col > .aligncenter{width:100%;}.kadence-column1429_06506e-7e > .kt-inside-inner-col:before{opacity:0.3;}.kadence-column1429_06506e-7e{position:relative;}@media all and (max-width: 1024px){.kadence-column1429_06506e-7e > .kt-inside-inner-col{flex-direction:column;}}@media all and (max-width: 767px){.kadence-column1429_06506e-7e > .kt-inside-inner-col{flex-direction:column;}}<\/style>\n<div class=\"wp-block-kadence-column kadence-column1429_06506e-7e\"><div class=\"kt-inside-inner-col\">\n<p>Mentions l\u00e9gales :<\/p>\n\n\n\n<ol class=\"wp-block-list\">\n<li>Informations sur l&rsquo;entreprise :<br><br>Nom de l&rsquo;entreprise : <strong>FABRE ET FILS<\/strong><br>Forme juridique : SASU (soci\u00e9t\u00e9 par actions simplifi\u00e9e<br>unipersonnelle)<br>Adresse du si\u00e8ge social : 33 Rue Achille Viadieu, 31400 <strong>Toulouse<\/strong><br>Num\u00e9ro de t\u00e9l\u00e9phone : <strong>05 62 87 75 34<\/strong><br>Adresse e-mail : contact@fabre-et-fils.fr<br>Num\u00e9ro d&rsquo;identification fiscale : SIREN : 949260475<br> SIRET : 94926047500015 \/ TVA intracommunautaire : FR50949260475<br><\/li>\n\n\n\n<li>Direction de l&rsquo;entreprise :<br><br>Responsable l\u00e9gal de l&rsquo;entreprise : Abdelaziz CHETTIR<br>Adresse e-mail du responsable l\u00e9gal : contact@fabre-et-fils.fr<br><\/li>\n\n\n\n<li>Domaine d&rsquo;intervention g\u00e9ographique :<br><br><strong>Fabre et Fils<\/strong> propose ses services de serrurerie, <strong>plomberie<\/strong>,<br>menuiserie, vitrerie, peinture, carrelage, \u00e9lectricit\u00e9, chauffage,<br>assainissement et r\u00e9novation \u00e0 <strong>Toulouse et alentours<\/strong>.<br><\/li>\n\n\n\n<li>Urgences :<br><br>En cas d&rsquo;<strong>urgence<\/strong>, les clients peuvent contacter le num\u00e9ro de<br>t\u00e9l\u00e9phone suivant : <strong>05 62 87 75 34<\/strong>. Veuillez noter qu&rsquo;une majoration<br>de 100 % s&rsquo;applique apr\u00e8s 19h00, les weekends et les jours f\u00e9ri\u00e9s.<br><\/li>\n\n\n\n<li>Collecte de donn\u00e9es personnelles :<br><br><strong>Fabre et Fils<\/strong> collecte et traite les donn\u00e9es personnelles<br>conform\u00e9ment \u00e0 la r\u00e9glementation en vigueur, notamment la loi<br>fran\u00e7aise et le R\u00e8glement G\u00e9n\u00e9ral sur la Protection des Donn\u00e9es<br>(RGPD). Les donn\u00e9es collect\u00e9es sont utilis\u00e9es dans le cadre de la<br>gestion des demandes des clients, de la fourniture des services et<br>de la communication commerciale. Les donn\u00e9es ne seront pas<br>divulgu\u00e9es \u00e0 des tiers sans consentement pr\u00e9alable, sauf si cela<br>est l\u00e9galement requis.<br><\/li>\n\n\n\n<li>Cookies :<br><br>Le site web de <strong>Fabre et Fils<\/strong> utilise des cookies pour am\u00e9liorer<br>l&rsquo;exp\u00e9rience des utilisateurs. Les cookies sont de petits fichiers<br>stock\u00e9s sur l&rsquo;ordinateur des utilisateurs afin de faciliter la navigation<br>et d&rsquo;analyser l&rsquo;utilisation du site. Les utilisateurs peuvent configurer<br>leur navigateur pour refuser les cookies, mais cela peut affecter<br>certaines fonctionnalit\u00e9s du site.<br><\/li>\n\n\n\n<li>Droits des utilisateurs :<br><br>Conform\u00e9ment \u00e0 la r\u00e9glementation applicable, les utilisateurs<br>disposent d&rsquo;un droit d&rsquo;acc\u00e8s, de rectification, de suppression et de<br>portabilit\u00e9 de leurs donn\u00e9es personnelles. Ils peuvent \u00e9galement<br>s&rsquo;opposer au traitement de leurs donn\u00e9es pour des motifs l\u00e9gitimes.<br>Pour exercer ces droits, les utilisateurs peuvent contacter Fabre et<br>Fils via les coordonn\u00e9es fournies dans les pr\u00e9sentes mentions<br>l\u00e9gales.<br><\/li>\n\n\n\n<li>Propri\u00e9t\u00e9 intellectuelle :<br><br>Tous les contenus pr\u00e9sents sur le site web de Fabre et Fils (textes,<br>images, logos, etc.) sont prot\u00e9g\u00e9s par les lois sur la propri\u00e9t\u00e9<br>intellectuelle et appartiennent \u00e0 leur propri\u00e9taire respectif. Toute<br>reproduction, distribution ou utilisation non autoris\u00e9e du contenu est<br>strictement interdite.<\/li>\n<\/ol>\n<\/div><\/div>\n","protected":false},"excerpt":{"rendered":"<p>Mentions l\u00e9gales :<\/p>\n","protected":false},"author":1,"featured_media":0,"parent":0,"menu_order":0,"comment_status":"closed","ping_status":"closed","template":"","meta":{"_kadence_starter_templates_imported_post":false,"_kad_post_transparent":"","_kad_post_title":"","_kad_post_layout":"","_kad_post_sidebar_id":"","_kad_post_content_style":"","_kad_post_vertical_padding":"","_kad_post_feature":"","_kad_post_feature_position":"","_kad_post_header":false,"_kad_post_footer":false,"footnotes":""},"class_list":["post-1429","page","type-page","status-publish","hentry"],"yoast_head":"<!-- This site is optimized with the Yoast SEO plugin v23.0 - https:\/\/yoast.com\/wordpress\/plugins\/seo\/ -->\n<title>Mentions L\u00e9gales - Fabre et fils<\/title>\n<meta name=\"description\" content=\"Fabre et fils Toulouse soci\u00e9t\u00e9 de d\u00e9pannage urgence 24\/7.\" \/>\n<meta name=\"robots\" content=\"index, follow, max-snippet:-1, max-image-preview:large, max-video-preview:-1\" \/>\n<link rel=\"canonical\" href=\"https:\/\/www.fabretfils.fr\/index.php\/mentions-legales\/\" \/>\n<meta property=\"og:locale\" content=\"fr_FR\" \/>\n<meta property=\"og:type\" content=\"article\" \/>\n<meta property=\"og:title\" content=\"Mentions L\u00e9gales - Fabre et fils\" \/>\n<meta property=\"og:description\" content=\"Fabre et fils Toulouse soci\u00e9t\u00e9 de d\u00e9pannage urgence 24\/7.\" \/>\n<meta property=\"og:url\" content=\"https:\/\/www.fabretfils.fr\/index.php\/mentions-legales\/\" \/>\n<meta property=\"og:site_name\" content=\"Fabre et fils\" \/>\n<meta property=\"article:modified_time\" content=\"2024-04-02T09:20:23+00:00\" \/>\n<meta name=\"twitter:card\" content=\"summary_large_image\" \/>\n<meta name=\"twitter:label1\" content=\"Dur\u00e9e de lecture estim\u00e9e\" \/>\n\t<meta name=\"twitter:data1\" content=\"2 minutes\" \/>\n<script type=\"application\/ld+json\" class=\"yoast-schema-graph\">{\"@context\":\"https:\/\/schema.org\",\"@graph\":[{\"@type\":\"WebPage\",\"@id\":\"https:\/\/www.fabretfils.fr\/index.php\/mentions-legales\/\",\"url\":\"https:\/\/www.fabretfils.fr\/index.php\/mentions-legales\/\",\"name\":\"Mentions L\u00e9gales - Fabre et fils\",\"isPartOf\":{\"@id\":\"https:\/\/www.fabretfils.fr\/#website\"},\"datePublished\":\"2024-04-02T09:13:30+00:00\",\"dateModified\":\"2024-04-02T09:20:23+00:00\",\"description\":\"Fabre et fils Toulouse soci\u00e9t\u00e9 de d\u00e9pannage urgence 24\/7.\",\"breadcrumb\":{\"@id\":\"https:\/\/www.fabretfils.fr\/index.php\/mentions-legales\/#breadcrumb\"},\"inLanguage\":\"fr-FR\",\"potentialAction\":[{\"@type\":\"ReadAction\",\"target\":[\"https:\/\/www.fabretfils.fr\/index.php\/mentions-legales\/\"]}]},{\"@type\":\"BreadcrumbList\",\"@id\":\"https:\/\/www.fabretfils.fr\/index.php\/mentions-legales\/#breadcrumb\",\"itemListElement\":[{\"@type\":\"ListItem\",\"position\":1,\"name\":\"Accueil\",\"item\":\"https:\/\/www.fabretfils.fr\/\"},{\"@type\":\"ListItem\",\"position\":2,\"name\":\"Mentions L\u00e9gales\"}]},{\"@type\":\"WebSite\",\"@id\":\"https:\/\/www.fabretfils.fr\/#website\",\"url\":\"https:\/\/www.fabretfils.fr\/\",\"name\":\"Fabre et fils\",\"description\":\"Plombier d\u00e9pannage rapide 24\/7 Toulouse\",\"publisher\":{\"@id\":\"https:\/\/www.fabretfils.fr\/#organization\"},\"potentialAction\":[{\"@type\":\"SearchAction\",\"target\":{\"@type\":\"EntryPoint\",\"urlTemplate\":\"https:\/\/www.fabretfils.fr\/?s={search_term_string}\"},\"query-input\":\"required name=search_term_string\"}],\"inLanguage\":\"fr-FR\"},{\"@type\":\"Organization\",\"@id\":\"https:\/\/www.fabretfils.fr\/#organization\",\"name\":\"Fabre et fils\",\"url\":\"https:\/\/www.fabretfils.fr\/\",\"logo\":{\"@type\":\"ImageObject\",\"inLanguage\":\"fr-FR\",\"@id\":\"https:\/\/www.fabretfils.fr\/#\/schema\/logo\/image\/\",\"url\":\"https:\/\/www.fabretfils.fr\/wp-content\/uploads\/2024\/03\/cropped-cropped-cropped-cropped-cropped-cropped-frabre-et-fils-logo-transparent-1.png\",\"contentUrl\":\"https:\/\/www.fabretfils.fr\/wp-content\/uploads\/2024\/03\/cropped-cropped-cropped-cropped-cropped-cropped-frabre-et-fils-logo-transparent-1.png\",\"width\":495,\"height\":198,\"caption\":\"Fabre et fils\"},\"image\":{\"@id\":\"https:\/\/www.fabretfils.fr\/#\/schema\/logo\/image\/\"}}]}<\/script>\n<!-- \/ Yoast SEO plugin. -->","yoast_head_json":{"title":"Mentions L\u00e9gales - Fabre et fils","description":"Fabre et fils Toulouse soci\u00e9t\u00e9 de d\u00e9pannage urgence 24\/7.","robots":{"index":"index","follow":"follow","max-snippet":"max-snippet:-1","max-image-preview":"max-image-preview:large","max-video-preview":"max-video-preview:-1"},"canonical":"https:\/\/www.fabretfils.fr\/index.php\/mentions-legales\/","og_locale":"fr_FR","og_type":"article","og_title":"Mentions L\u00e9gales - Fabre et fils","og_description":"Fabre et fils Toulouse soci\u00e9t\u00e9 de d\u00e9pannage urgence 24\/7.","og_url":"https:\/\/www.fabretfils.fr\/index.php\/mentions-legales\/","og_site_name":"Fabre et fils","article_modified_time":"2024-04-02T09:20:23+00:00","twitter_card":"summary_large_image","twitter_misc":{"Dur\u00e9e de lecture estim\u00e9e":"2 minutes"},"schema":{"@context":"https:\/\/schema.org","@graph":[{"@type":"WebPage","@id":"https:\/\/www.fabretfils.fr\/index.php\/mentions-legales\/","url":"https:\/\/www.fabretfils.fr\/index.php\/mentions-legales\/","name":"Mentions L\u00e9gales - Fabre et fils","isPartOf":{"@id":"https:\/\/www.fabretfils.fr\/#website"},"datePublished":"2024-04-02T09:13:30+00:00","dateModified":"2024-04-02T09:20:23+00:00","description":"Fabre et fils Toulouse soci\u00e9t\u00e9 de d\u00e9pannage urgence 24\/7.","breadcrumb":{"@id":"https:\/\/www.fabretfils.fr\/index.php\/mentions-legales\/#breadcrumb"},"inLanguage":"fr-FR","potentialAction":[{"@type":"ReadAction","target":["https:\/\/www.fabretfils.fr\/index.php\/mentions-legales\/"]}]},{"@type":"BreadcrumbList","@id":"https:\/\/www.fabretfils.fr\/index.php\/mentions-legales\/#breadcrumb","itemListElement":[{"@type":"ListItem","position":1,"name":"Accueil","item":"https:\/\/www.fabretfils.fr\/"},{"@type":"ListItem","position":2,"name":"Mentions L\u00e9gales"}]},{"@type":"WebSite","@id":"https:\/\/www.fabretfils.fr\/#website","url":"https:\/\/www.fabretfils.fr\/","name":"Fabre et fils","description":"Plombier d\u00e9pannage rapide 24\/7 Toulouse","publisher":{"@id":"https:\/\/www.fabretfils.fr\/#organization"},"potentialAction":[{"@type":"SearchAction","target":{"@type":"EntryPoint","urlTemplate":"https:\/\/www.fabretfils.fr\/?s={search_term_string}"},"query-input":"required name=search_term_string"}],"inLanguage":"fr-FR"},{"@type":"Organization","@id":"https:\/\/www.fabretfils.fr\/#organization","name":"Fabre et fils","url":"https:\/\/www.fabretfils.fr\/","logo":{"@type":"ImageObject","inLanguage":"fr-FR","@id":"https:\/\/www.fabretfils.fr\/#\/schema\/logo\/image\/","url":"https:\/\/www.fabretfils.fr\/wp-content\/uploads\/2024\/03\/cropped-cropped-cropped-cropped-cropped-cropped-frabre-et-fils-logo-transparent-1.png","contentUrl":"https:\/\/www.fabretfils.fr\/wp-content\/uploads\/2024\/03\/cropped-cropped-cropped-cropped-cropped-cropped-frabre-et-fils-logo-transparent-1.png","width":495,"height":198,"caption":"Fabre et fils"},"image":{"@id":"https:\/\/www.fabretfils.fr\/#\/schema\/logo\/image\/"}}]}},"_links":{"self":[{"href":"https:\/\/www.fabretfils.fr\/index.php\/wp-json\/wp\/v2\/pages\/1429","targetHints":{"allow":["GET"]}}],"collection":[{"href":"https:\/\/www.fabretfils.fr\/index.php\/wp-json\/wp\/v2\/pages"}],"about":[{"href":"https:\/\/www.fabretfils.fr\/index.php\/wp-json\/wp\/v2\/types\/page"}],"author":[{"embeddable":true,"href":"https:\/\/www.fabretfils.fr\/index.php\/wp-json\/wp\/v2\/users\/1"}],"replies":[{"embeddable":true,"href":"https:\/\/www.fabretfils.fr\/index.php\/wp-json\/wp\/v2\/comments?post=1429"}],"version-history":[{"count":3,"href":"https:\/\/www.fabretfils.fr\/index.php\/wp-json\/wp\/v2\/pages\/1429\/revisions"}],"predecessor-version":[{"id":1434,"href":"https:\/\/www.fabretfils.fr\/index.php\/wp-json\/wp\/v2\/pages\/1429\/revisions\/1434"}],"wp:attachment":[{"href":"https:\/\/www.fabretfils.fr\/index.php\/wp-json\/wp\/v2\/media?parent=1429"}],"curies":[{"name":"wp","href":"https:\/\/api.w.org\/{rel}","templated":true}]}}

Mentions Légales

<style>.kadence-column1429_06506e-7e > .kt-inside-inner-col,.kadence-column1429_06506e-7e > .kt-inside-inner-col:before{border-top-left-radius:0px;border-top-right-radius:0px;border-bottom-right-radius:0px;border-bottom-left-radius:0px;}.kadence-column1429_06506e-7e > .kt-inside-inner-col{column-gap:var(--global-kb-gap-sm, 1rem);}.kadence-column1429_06506e-7e > .kt-inside-inner-col{flex-direction:column;}.kadence-column1429_06506e-7e > .kt-inside-inner-col > .aligncenter{width:100%;}.kadence-column1429_06506e-7e > .kt-inside-inner-col:before{opacity:0.3;}.kadence-column1429_06506e-7e{position:relative;}@media all and (max-width: 1024px){.kadence-column1429_06506e-7e > .kt-inside-inner-col{flex-direction:column;}}@media all and (max-width: 767px){.kadence-column1429_06506e-7e > .kt-inside-inner-col{flex-direction:column;}}</style>
<div class="wp-block-kadence-column kadence-column1429_06506e-7e"><div class="kt-inside-inner-col">
<p>Mentions légales :</p>



<ol class="wp-block-list">
<li>Informations sur l&rsquo;entreprise :<br><br>Nom de l&rsquo;entreprise : <strong>FABRE ET FILS</strong><br>Forme juridique : SASU (société par actions simplifiée<br>unipersonnelle)<br>Adresse du siège social : 33 Rue Achille Viadieu, 31400 <strong>Toulouse</strong><br>Numéro de téléphone : <strong>05 62 87 75 34</strong><br>Adresse e-mail : contact@fabre-et-fils.fr<br>Numéro d&rsquo;identification fiscale : SIREN : 949260475<br> SIRET : 94926047500015 / TVA intracommunautaire : FR50949260475<br></li>



<li>Direction de l&rsquo;entreprise :<br><br>Responsable légal de l&rsquo;entreprise : Abdelaziz CHETTIR<br>Adresse e-mail du responsable légal : contact@fabre-et-fils.fr<br></li>



<li>Domaine d&rsquo;intervention géographique :<br><br><strong>Fabre et Fils</strong> propose ses services de serrurerie, <strong>plomberie</strong>,<br>menuiserie, vitrerie, peinture, carrelage, électricité, chauffage,<br>assainissement et rénovation à <strong>Toulouse et alentours</strong>.<br></li>



<li>Urgences :<br><br>En cas d&rsquo;<strong>urgence</strong>, les clients peuvent contacter le numéro de<br>téléphone suivant : <strong>05 62 87 75 34</strong>. Veuillez noter qu&rsquo;une majoration<br>de 100 % s&rsquo;applique après 19h00, les weekends et les jours fériés.<br></li>



<li>Collecte de données personnelles :<br><br><strong>Fabre et Fils</strong> collecte et traite les données personnelles<br>conformément à la réglementation en vigueur, notamment la loi<br>française et le Règlement Général sur la Protection des Données<br>(RGPD). Les données collectées sont utilisées dans le cadre de la<br>gestion des demandes des clients, de la fourniture des services et<br>de la communication commerciale. Les données ne seront pas<br>divulguées à des tiers sans consentement préalable, sauf si cela<br>est légalement requis.<br></li>



<li>Cookies :<br><br>Le site web de <strong>Fabre et Fils</strong> utilise des cookies pour améliorer<br>l&rsquo;expérience des utilisateurs. Les cookies sont de petits fichiers<br>stockés sur l&rsquo;ordinateur des utilisateurs afin de faciliter la navigation<br>et d&rsquo;analyser l&rsquo;utilisation du site. Les utilisateurs peuvent configurer<br>leur navigateur pour refuser les cookies, mais cela peut affecter<br>certaines fonctionnalités du site.<br></li>



<li>Droits des utilisateurs :<br><br>Conformément à la réglementation applicable, les utilisateurs<br>disposent d&rsquo;un droit d&rsquo;accès, de rectification, de suppression et de<br>portabilité de leurs données personnelles. Ils peuvent également<br>s&rsquo;opposer au traitement de leurs données pour des motifs légitimes.<br>Pour exercer ces droits, les utilisateurs peuvent contacter Fabre et<br>Fils via les coordonnées fournies dans les présentes mentions<br>légales.<br></li>



<li>Propriété intellectuelle :<br><br>Tous les contenus présents sur le site web de Fabre et Fils (textes,<br>images, logos, etc.) sont protégés par les lois sur la propriété<br>intellectuelle et appartiennent à leur propriétaire respectif. Toute<br>reproduction, distribution ou utilisation non autorisée du contenu est<br>strictement interdite.</li>
</ol>
</div></div>

<p>Mentions légales :</p>

<!-- This site is optimized with the Yoast SEO plugin v23.0 - https://yoast.com/wordpress/plugins/seo/ -->
<title>Mentions Légales - Fabre et fils</title>
<meta name="description" content="Fabre et fils Toulouse société de dépannage urgence 24/7." />
<meta name="robots" content="index, follow, max-snippet:-1, max-image-preview:large, max-video-preview:-1" />
<link rel="canonical" href="https://www.fabretfils.fr/index.php/mentions-legales/" />
<meta property="og:locale" content="fr_FR" />
<meta property="og:type" content="article" />
<meta property="og:title" content="Mentions Légales - Fabre et fils" />
<meta property="og:description" content="Fabre et fils Toulouse société de dépannage urgence 24/7." />
<meta property="og:url" content="https://www.fabretfils.fr/index.php/mentions-legales/" />
<meta property="og:site_name" content="Fabre et fils" />
<meta property="article:modified_time" content="2024-04-02T09:20:23+00:00" />
<meta name="twitter:card" content="summary_large_image" />
<meta name="twitter:label1" content="Durée de lecture estimée" />
	<meta name="twitter:data1" content="2 minutes" />
<script type="application/ld+json" class="yoast-schema-graph">{"@context":"https://schema.org","@graph":[{"@type":"WebPage","@id":"https://www.fabretfils.fr/index.php/mentions-legales/","url":"https://www.fabretfils.fr/index.php/mentions-legales/","name":"Mentions Légales - Fabre et fils","isPartOf":{"@id":"https://www.fabretfils.fr/#website"},"datePublished":"2024-04-02T09:13:30+00:00","dateModified":"2024-04-02T09:20:23+00:00","description":"Fabre et fils Toulouse société de dépannage urgence 24/7.","breadcrumb":{"@id":"https://www.fabretfils.fr/index.php/mentions-legales/#breadcrumb"},"inLanguage":"fr-FR","potentialAction":[{"@type":"ReadAction","target":["https://www.fabretfils.fr/index.php/mentions-legales/"]}]},{"@type":"BreadcrumbList","@id":"https://www.fabretfils.fr/index.php/mentions-legales/#breadcrumb","itemListElement":[{"@type":"ListItem","position":1,"name":"Accueil","item":"https://www.fabretfils.fr/"},{"@type":"ListItem","position":2,"name":"Mentions Légales"}]},{"@type":"WebSite","@id":"https://www.fabretfils.fr/#website","url":"https://www.fabretfils.fr/","name":"Fabre et fils","description":"Plombier dépannage rapide 24/7 Toulouse","publisher":{"@id":"https://www.fabretfils.fr/#organization"},"potentialAction":[{"@type":"SearchAction","target":{"@type":"EntryPoint","urlTemplate":"https://www.fabretfils.fr/?s={search_term_string}"},"query-input":"required name=search_term_string"}],"inLanguage":"fr-FR"},{"@type":"Organization","@id":"https://www.fabretfils.fr/#organization","name":"Fabre et fils","url":"https://www.fabretfils.fr/","logo":{"@type":"ImageObject","inLanguage":"fr-FR","@id":"https://www.fabretfils.fr/#/schema/logo/image/","url":"https://www.fabretfils.fr/wp-content/uploads/2024/03/cropped-cropped-cropped-cropped-cropped-cropped-frabre-et-fils-logo-transparent-1.png","contentUrl":"https://www.fabretfils.fr/wp-content/uploads/2024/03/cropped-cropped-cropped-cropped-cropped-cropped-frabre-et-fils-logo-transparent-1.png","width":495,"height":198,"caption":"Fabre et fils"},"image":{"@id":"https://www.fabretfils.fr/#/schema/logo/image/"}}]}</script>
<!-- / Yoast SEO plugin. -->

Mentions Légales - Fabre et fils

Fabre et fils Toulouse société de dépannage urgence 24/7.

Plombier dépannage rapide 24/7 Toulouse
